pose 2425 = 237*z - 232*z. What is the tens digit of z?
8
Let v(x) = -x**3 + 9*x**2 - 7*x - 1. Let s be v(9). Let a = 102 - s. What is the units digit of a?
6
Suppose b - 3*a = 2*a + 75, -3*b - 5*a + 165 = 0. Suppose 4*i = -i + b. Let y = 16 + i. What is the units digit of y?
8
Let v(k) = -k - 8. Let t be v(-14). Let d(x) = x**2 + 6*x - 4. Let c be d(-5). What is the units digit of t/c + (-94)/(-6)?
5
Let z = 14 - 10. Suppose -z*k + 5*x = 9, -5*x + 41 = 6*k - 2*k. Suppose b = 5*l + 13, k*b + b = 3*l + 109. What is the tens digit of b?
2
Suppose 23484 = 25*x + 89*x. What is the tens digit of x?
0
Suppose -2*i = i. Suppose 5*u - 1361 + 481 = i. Suppose -u = -4*v - 16. What is the tens digit of v?
4
Let c(b) = b**3 - b + 2. Let o be c(0). Suppose -20 = -5*k, o*r + 2*k = -0*k + 176. What is the units digit of (r/10)/((-3)/(-15))?
2
Let a be ((-46)/(-14) + (-30)/105)*1. What is the units digit of a*(-20)/15 - -195?
1
Let h(r) = -46*r + 121. What is the units digit of h(-5)?
1
Let f = -2 + 3. Let t(p) be the third derivative of p**6/10 + p**5/60 - p**4/24 + p**3/6 - 151*p**2. What is the units digit of t(f)?
3
Let w(q) = -q**3 - 5*q**2 + q + 4. Let y be w(-4). Let c = y + 33. What is the tens digit of c?
1
Let i be (-4 + (0 - -1))/(-4 + 3). Suppose 0 = -4*m - 3*t + 401, 0*t = -i*m + 3*t + 327. What is the tens digit of m?
0
Let o(c) = c**3 + 9*c**2 - 10*c - 2. Let q be o(-7). Let w = 32 + q. What is the hundreds digit of w?
1
Let w be (4 - (8 - 2))*-1. Suppose -2*h = t + t - 134, -w*t + 200 = 3*h. What is the units digit of h?
6
Let k(m) = 32*m + 2. Suppose -29 = -3*i - a - 3*a, -2 = -4*i + 2*a. What is the tens digit of k(i)?
9
Let a(s) = s**3 - 4*s**2 - 4*s - 1. Let z be a(5). Let j(w) = -3*w - w**2 + 1 + z*w + 2*w**3 - 3*w**3 + 10*w**2. What is the tens digit of j(9)?
1
Let n(f) be the third derivative of f**5/30 + f**4/8 + f**2. Let d be n(-2). Suppose 0 = -5*a - 4*w + 100, -d*w = 4*a + 2*w - 84. What is the tens digit of a?
1
Let a(m) = -m**3 + 3*m**2 + 9*m + 167. What is the units digit of a(-14)?
3
Let i = -1327 + 3359. What is the tens digit of i?
3
Let g(f) = -27*f + 496. What is the tens digit of g(-37)?
9
Let t = 27 + -2. Let r be t/(-5)*(-6)/(-15). What is the tens digit of 35/((-3 - -6) + r)?
3
Let i(z) = z**3 + z**2 - 4*z - 3. Let p be i(-2). Suppose -3*c = 6 - 36. Let o = c - p. What is the units digit of o?
9
Suppose 3*c - 4*k - 5561 = 0, 0*k = -3*c - 3*k + 5589. What is the thousands digit of c?
1
Suppose -3*y + 4 = 2*f - 3*f, -2*y + 46 = -5*f. Let u be (1 + 6)/(2/f). Let d = -17 - u. What is the units digit of d?
8
What is the tens digit of (-127593)/(-225) + (-2)/25?
6
Suppose p = -5*t + 362, -6*t + 1660 = 5*p - 11*t. What is the units digit of p?
7
What is the units digit of ((-6)/(-2) + -16)/((-5)/95)?
7
Let j(r) be the first derivative of 4*r**3/3 - r**2 - 9*r + 12. What is the hundreds digit of j(-6)?
1
Suppose -5*y = 3*a - 110, 0*y + y - 220 = -5*a. Let o = -12 + 39. Suppose o = 3*f - a. What is the units digit of f?
4
Suppose -4*z + h = 18, 2*h + 6 = 5*z + 27. Suppose -t - 2*t + p = 25, 0 = 3*t - 2*p + 26. Let b = z - t. What is the units digit of b?
3
Let b(u) = 3*u**3 - 18*u**2 + 6*u + 24. Let c(t) = 7*t**3 - 35*t**2 + 11*t + 49. Let v(o) = -5*b(o) + 2*c(o). What is the hundreds digit of v(19)?
1
Let x = 509 + -323. What is the hundreds digit of x?
1
Suppose 2665 = 4*q - 151. What is the units digit of q?
4
Suppose 1 + 14 = -h. What is the units digit of (-4)/6 + h/(-9)?
1
Suppose -165 = 6*k - 9*k. Suppose 5 = -7*i + 19. Suppose -7*y + i*y = -k. What is the tens digit of y?
1
Let t be (1 - 3)*(-1 - 9). Let y be t/(-100) + 1/5. What is the units digit of 4 + y + 34 + 2?
0
Suppose 2191 + 1600 = 17*f. What is the units digit of f?
3
What is the tens digit of 16 + (-742302)/(-161) - 4/7?
2
Let y(q) = 9*q - 20. Let d(u) = -8*u + 20. Let w(b) = -4*d(b) - 5*y(b). Let l be w(-16). Suppose -3*o = 57 - l. What is the tens digit of o?
5
Let y(c) = 3*c - 13. Let m be y(6). Suppose -2*o = m*p - 115, 83 = 4*o - p - 158. What is the units digit of o?
0
Suppose 38*g = 62*g - 80544. What is the tens digit of g?
5
Suppose 14*v - 7*v - 28 = 0. Suppose 2*j - 192 = -4*w + 718, -4*w + 916 = -v*j. What is the tens digit of w?
2
Suppose -4*m - 3*g = -1907 - 1719, 3*m - 2720 = -2*g. What is the hundreds digit of m?
9
Let m = -182 + 247. What is the units digit of m?
5
Let f = 599 + 200. What is the tens digit of f?
9
Suppose -4*v - 34 = 3*g - 83, 3*v = -5*g + 45. Let w be (-4)/10 + v/25. Let l = w + 15. What is the units digit of l?
5
Suppose -3007 = -38*j + 25113. What is the hundreds digit of j?
7
Suppose 13 = 3*k + 3*u + 4, 0 = -4*k - 3*u + 7. Let i(o) = 52*o**2 + 4*o + 5. Let a be i(k). Let m = -141 + a. What is the units digit of m?
4
Let u be (48/18)/(0 - (-2)/105). Let g = u + -64. What is the tens digit of g?
7
Suppose 322*b + 806 = 323*b. What is the units digit of b?
6
Suppose 4*i + 2*w - 1640 = -412, 3*w + 6 = 0. What is the units digit of i?
8
Suppose 3*q + 25 = -2*q, -345 = -2*u - 3*q. What is the hundreds digit of u?
1
Let v(q) = -q**2 - q + 3. Let g(j) = -j + 2. Let b(y) = 4*g(y) - 5*v(y). What is the tens digit of b(3)?
4
Suppose -54*z = -51*z - 9. Suppose 0 = o - 4*v - 173, -z*v + 14 = -1. What is the tens digit of o?
9
Let p = 0 - -9. Suppose p*i - 13*i + 24 = 0. What is the units digit of ((-18)/4)/((-3)/i)?
9
Let i = 351 - -1305. What is the tens digit of i?
5
Let m be (-13 - -6)*156/(-14). Let v = -38 + m. What is the tens digit of v?
4
Let b(g) = 6*g**3 - 8*g**2 - 8*g + 1. Let x(s) = s**3 - s - 1. Let v(l) = -b(l) + 5*x(l). What is the units digit of v(8)?
8
Suppose -54*g + 29597 = -37*g. What is the tens digit of g?
4
Let o = 2674 - 641. What is the units digit of o?
3
Let h(w) = -w**2 - 102*w + 16. Let m(v) = -51*v + 8. Let o(c) = 2*h(c) - 5*m(c). What is the hundreds digit of o(23)?
1
Suppose -5*x - 130 = -d - d, -5*d = 3*x - 294. Let r be (-17)/((16/d)/(-4)). Suppose -4*l = l - r. What is the tens digit of l?
5
Let u(b) = 6*b - 5. Let n be u(7). Let o = 40 - n. What is the units digit of o?
3
Suppose -1004 - 19076 = -8*l. What is the hundreds digit of l?
5
Let b(j) = 10*j**2 - 1 + 22 - 2*j - j**3 - 8. What is the hundreds digit of b(5)?
1
Suppose 0 = -3*o - 6*l + 14952, -2*o - l = -4*l - 9989. What is the tens digit of o?
9
Let y be 3/(-12) - 16967/(-76). Suppose 4*t = -4, -4*t = w + 2*w + 466. Let d = y + w. What is the tens digit of d?
6
What is the hundreds digit of (-36 + -21)/((-6)/80)?
7
Suppose -12 = -5*k + k. Suppose 0 = -k*d - 0*d + 6, 5*i = -d + 17. Let r(y) = y**2 - y. What is the units digit of r(i)?
6
Let c = 718 - -459. What is the thousands digit of c?
1
Let j(d) be the third derivative of 0 + 0*d + d**3 + 1/8*d**4 + 13*d**2. What is the tens digit of j(5)?
2
Suppose -t = -y - 4, -y - 20 = -5*t - 0*y. Let f = 9 - t. Suppose f*i - 77 - 53 = 0. What is the units digit of i?
6
Suppose 2*s - 2517 - 389 = 0. What is the units digit of s?
3
Suppose 6*p = 121 + 185. Suppose f - p = i, -3*f + 7*f - 196 = -4*i. What is the units digit of f?
0
What is the hundreds digit of (-3)/((-81)/12603) + (-4)/(-18)?
4
Let d(f) = 3*f + 6. Let h be d(10). Suppose 4*n - h = 4*v, 3*n + 6*v = v - 5. Suppose 2*a - 34 = 4*p, n*a + 2*p - 43 = -6. What is the units digit of a?
9
Let g(x) = 12*x + 6. Let o be g(4). Let r = o + -5. What is the tens digit of r?
4
Let q(n) = -4*n + 24. Let a be q(6). Suppose 5*v + k - 253 = a, -2*v + 48 = -k - 49. What is the units digit of v?
0
Suppose 3*u + 2*p = -7, -4*p = -9*p - 10. Let z be (-1 - 0)*(-1 + u). Suppose -48 = -z*y - 16. What is the units digit of y?
6
Suppose 8 = -2*r, 3*h + h + 5*r = 744. Suppose -3*t = 2*i - h, 0*i = 3*i + t - 290. What is the tens digit of i?
9
Let j(b) = -882*b - 38. What is the thousands digit of j(-6)?
5
Let p(j) = 23*j - 12*j - 9*j - 10. What is the units digit of p(13)?
6
What is the units digit of ((1 + -3)/(-2))/((-1)/(-804))?
4
Let n = 160 + -95. Suppose 0 = 4*x - 5*x - n. Let g = -36 - x. What is the units digit of g?
9
Let j = 55 + -29. Suppose 2*t + j = 136. What is the tens digit of t?
5
Let l be (0 + 1)*1230/(-10). Let o = 50 - l. What is the tens digit of o?
7
Suppose -2*l = 2*l - 76. Let o = l - -11. What is the tens digit of o?
3
Suppose 0 = 2*i - 